{"id":24,"date":"2021-02-02T19:07:09","date_gmt":"2021-02-02T19:07:09","guid":{"rendered":"http:\/\/xn--nringsguiden-gcb.com\/?page_id=24"},"modified":"2021-09-11T19:22:24","modified_gmt":"2021-09-11T19:22:24","slug":"vitaminer","status":"publish","type":"page","link":"https:\/\/xn--nringsguiden-gcb.com\/index.php\/vitaminer\/","title":{"rendered":"Vitaminer"},"content":{"rendered":"\n<p>Vitaminer \u00e4r organiska \u00e4mnen <\/p>\n\n\n\n<h2 class=\"wp-block-heading\">Ju mer vitaminer desto b\u00e4ttre?<\/h2>\n\n\n\n<p>Liksom med det mesta i kroppen \u00e4r doseringen av vitaminer viktigt, det vill s\u00e4ga hur mycket man f\u00e5r i sig. Brist eller underskott av vitaminer kan leda till en l\u00e5ng rad symptom och i f\u00f6rl\u00e4ngningen vara v\u00e4ldigt farligt. P\u00e5 motsvarande s\u00e4tt kan \u00f6verdosering av vissa vitaminer vara skadligt och f\u00f6r h\u00f6ga doser kan rentav vara giftigt f\u00f6r kroppen. D\u00e4rf\u00f6r \u00e4r doseringen betydelsefull f\u00f6r att bibeh\u00e5lla sunda niv\u00e5er av dessa vitaminer.<\/p>\n\n\n\n<p>De fettl\u00f6sliga vitaminerna har i regel en f\u00f6rm\u00e5ga att kunna lagras i kroppen under en period och man kan p\u00e5 s\u00e5 s\u00e4tt bygga upp en &#8220;buffer&#8221; .<\/p>\n","protected":false},"excerpt":{"rendered":"<p>Vitaminer \u00e4r organiska \u00e4mnen Ju mer vitaminer desto b\u00e4ttre? Liksom med det mesta i kroppen \u00e4r doseringen av vitaminer viktigt, det vill s\u00e4ga hur mycket man f\u00e5r i sig. Brist eller underskott av vitaminer kan leda till en l\u00e5ng rad symptom och i f\u00f6rl\u00e4ngningen vara v\u00e4ldigt farligt. P\u00e5 motsvarande s\u00e4tt kan \u00f6verdosering av vissa vitaminer&hellip; <a class=\"more-link\" href=\"https:\/\/xn--nringsguiden-gcb.com\/index.php\/vitaminer\/\">Continue reading <span class=\"screen-reader-text\">Vitaminer<\/span><\/a><\/p>\n","protected":false},"author":1,"featured_media":0,"parent":0,"menu_order":0,"comment_status":"closed","ping_status":"closed","template":"","meta":{"footnotes":""},"class_list":["post-24","page","type-page","status-publish","hentry","entry"],"_links":{"self":[{"href":"https:\/\/xn--nringsguiden-gcb.com\/index.php\/wp-json\/wp\/v2\/pages\/24","targetHints":{"allow":["GET"]}}],"collection":[{"href":"https:\/\/xn--nringsguiden-gcb.com\/index.php\/wp-json\/wp\/v2\/pages"}],"about":[{"href":"https:\/\/xn--nringsguiden-gcb.com\/index.php\/wp-json\/wp\/v2\/types\/page"}],"author":[{"embeddable":true,"href":"https:\/\/xn--nringsguiden-gcb.com\/index.php\/wp-json\/wp\/v2\/users\/1"}],"replies":[{"embeddable":true,"href":"https:\/\/xn--nringsguiden-gcb.com\/index.php\/wp-json\/wp\/v2\/comments?post=24"}],"version-history":[{"count":4,"href":"https:\/\/xn--nringsguiden-gcb.com\/index.php\/wp-json\/wp\/v2\/pages\/24\/revisions"}],"predecessor-version":[{"id":83,"href":"https:\/\/xn--nringsguiden-gcb.com\/index.php\/wp-json\/wp\/v2\/pages\/24\/revisions\/83"}],"wp:attachment":[{"href":"https:\/\/xn--nringsguiden-gcb.com\/index.php\/wp-json\/wp\/v2\/media?parent=24"}],"curies":[{"name":"wp","href":"https:\/\/api.w.org\/{rel}","templated":true}]}}